 c and n.
42
Let y be 268/34 + -6*7/(-357). Suppose 17 = y*p - 7*p. Let x(d) = 69*d - 1. Let l be x(1). What is the highest common factor of l and p?
17
Let m = 13 - 11. Suppose -3*y - m*r = -20, -4*r + r = -2*y + 9. What is the greatest common factor of y and 4?
2
Suppose 4*l = 8, -53*o + 51*o = -3*l + 4. Suppose -c = 3 - 4. Suppose -4*k - 36 = -2*g, -k - c = o. What is the greatest common divisor of 126 and g?
14
Suppose 0 = 8*y - 694 + 150. Calculate the greatest common factor of 187 and y.
17
Suppose 43*j + 344 = 45*j. Suppose -5*f - 42 = -j. Calculate the highest common divisor of 65 and f.
13
Let i(h) = 6*h**3 + 71*h**2 - 15*h - 30. Let v be i(-12). Let k = 3 + -1. What is the greatest common factor of k and v?
2
Let z be (3/2)/(1/10). Let i be 4/(-8)*-6 - -1557. Suppose -14*g + i = -g. What is the greatest common factor of g and z?
15
Let h(t) = -t**3 - 5*t - 2. Let p be h(-3). Let j(z) = 28*z**2 - 2*z - 6. Let c be j(3). Calculate the highest common divisor of p and c.
40
Suppose -94 = -5*g - d, 2*g = g + 3*d + 6. What is the greatest common divisor of 32 and g?
2
Let r be 4*(-4)/8*1548/(-24). Calculate the highest common factor of r and 301.
43
Suppose 0*a - 1 = -a. Suppose 2*c - 35 = -a. Suppose 0 = 3*y + 4*b - c, -b + 1 = -y + b. What is the greatest common factor of y and 18?
3
Suppose 4*s + 2*s = 0. Suppose -a = 2*a + 4*p - 46, s = -3*a + 5*p + 91. Calculate the highest common divisor of a and 2.
2
Suppose -q + 13 = 1. Let x = q + 12. Calculate the highest common divisor of 120 and x.
24
Suppose 2*u = -u - 3*x + 15, -3*u + 2*x = -20. Let g = -11 + 16. Suppose -2*c - 21 = -m + 25, 0 = -g*m + c + 239. What is the highest common divisor of u and m?
6
Suppose -5*d = -8*m + 3*m, 4*d + 5 = 5*m. Let r be (6 + (-6)/3)*(-2)/(-8). What is the highest common factor of r and m?
1
Suppose -3*a - 10*a = 0. Suppose -3*d - 21 = -3*c, 7 = 4*c - d - 9. Let m be (a + c)/((-6)/(-28)). What is the highest common factor of m and 126?
14
Suppose h - 9 = -0. Suppose 4*b - 12 = 3*a - 3, 3*b + h = -3*a. Suppose b = 4*d - 3*d - 17. What is the highest common factor of 136 and d?
17
Let v = -5 + 9. Suppose -2*c = v, 3*h + 2*c = -3*c - 4. Let y be (2 + -3)*h - -19. Calculate the highest common divisor of y and 85.
17
Suppose 23*u = 28*u - 40. Calculate the greatest common divisor of u and 8.
8
Suppose -4*o = -5 + 1. Let c be (-7)/(-2) - o - 2/(-4). What is the greatest common factor of c and 12?
3
Let p(z) = -z**3 - 4*z**2 - 3*z + 3. Let n be p(-3). Suppose 471*r - 240 = 463*r. Calculate the greatest common divisor of n and r.
3
Let m = -176 - -242. What is the highest common divisor of m and 308?
22
Let x(v) be the first derivative of -v**4/4 + 7*v**3/3 + 5*v**2 - 8*v + 8. Let k be x(8). What is the highest common factor of 1 and k?
1
Let d = -375 - -416. Calculate the highest common factor of d and 41.
41
Suppose 0*w = w - 3. Suppose -a + w = 3*a + 5*m, 2*m + 4 = a. What is the greatest common factor of 1 and a?
1
Let u(q) = 9*q**2 + 6*q - 2. Let o be u(-2). Calculate the greatest common factor of 154 and o.
22
Suppose -8*j + 31 = -17. Let r be 58 + j*2/(-4). What is the greatest common divisor of 10 and r?
5
Let r(n) = -4*n**2 + 5*n + 1. Let q(a) = 3*a**2 - 6*a - 1. Let g(t) = -4*q(t) - 5*r(t). Let h be g(1). What is the greatest common factor of 3 and h?
3
Suppose -l - 120 + 116 = 0, -2*v + 64 = -3*l. Calculate the highest common divisor of v and 169.
13
Let s(b) = -2*b**3 + b**2 - 2*b + 209. Let u be s(0). What is the greatest common divisor of 304 and u?
19
Let h = -80 - -108. Calculate the highest common divisor of h and 203.
7
Let k = 401 + -384. What is the greatest common divisor of 493 and k?
17
Let i = 470 + -350. What is the greatest common factor of 80 and i?
40
Suppose -2254 = -31*w + 4597. Calculate the highest common factor of w and 13.
13
Suppose 28*i - 32*i - z = -143, -5*i = -3*z - 183. Let c(k) = -3*k + 6*k - 27*k. Let s be c(-6). What is the greatest common divisor of s and i?
36
Suppose 20 = 3*w + 2*v, 2 = -2*w + v + 13. Let i be (21/w)/(2/12). Let n(z) = -13*z - 2. Let p be n(-5). What is the highest common factor of i and p?
21
Suppose 0 = 4*x - 2*z - 44, 4*x - 23 - 33 = -z. Suppose 5*o - 199 = 126. What is the highest common divisor of x and o?
13
Let i = 57 + -158. Let l = i - -213. What is the greatest common divisor of l and 14?
14
Let s be -2 - 12/(0 - 2). Suppose -3*q = -2*x + 76, -x + 13*q = 14*q - 48. Calculate the greatest common divisor of s and x.
4
Suppose 2*h = -5*o + 440, 2*o + 2*o - 352 = 2*h. Calculate the highest common factor of o and 110.
22
Let p(m) = m**3 + 5*m**2 - 5*m. Let z be p(-6). Suppose 50 = -19*v + 12. Let s = v - z. What is the greatest common divisor of 12 and s?
4
Let w(l) = l**2 - 4. Let z be w(2). Suppose z = -3*d - 3*u + 72, -d - 4*u - 112 = -5*d. Calculate the greatest common factor of 13 and d.
13
Let y be ((-1)/((-4)/36))/(4/12). Calculate the highest common factor of y and 513.
27
Suppose q - 18 = 2*z, -2*q - 4*z - 4 = -8. Calculate the highest common divisor of q and 35.
5
Let s be 10/(-6)*(-3 + 0). Suppose -s*y - 70 = -2*y + 5*f, y - 3*f = 0. Let c be -16*1*y/20. What is the highest common factor of c and 3?
3
Let j(h) = -2*h**2 - 2*h + 1. Let x be j(2). Let i = x - -20. Let s = 65 - 38. What is the greatest common divisor of i and s?
9
Let c = -41 + 167. Calculate the highest common divisor of c and 7.
7
Let w = -335 + 402. What is the greatest common divisor of 2 and w?
1
Suppose -5*c + 5*r + 40 = 0, -c = -0*r + r. Let f = -8 - -11. Suppose -f*s + 105 = -27. What is the highest common divisor of s and c?
4
Suppose 4*q + 3*b - 225 = 0, 2*q + 0*b = b + 105. Suppose 0 = -2*o - 3*h - 9 + q, 3*o = 4*h + 93. What is the highest common factor of 108 and o?
27
Let j(c) = -16*c - 5. Let i be j(-6). Suppose 2*g - 29 = -23. Suppose -m + g*m - 69 = -5*y, -56 = -4*y - 2*m. Calculate the greatest common divisor of i and y.
13
Let o(j) = -j**2 + 8*j + 15. Let a be o(9). Suppose 0*v + a = -v. Let q(n) = -n**2 - 9*n - 2. Let l be q(v). Calculate the greatest common factor of 80 and l.
16
Let l(t) be the third derivative of -t**4/24 - t**3/3 + 2*t**2. Let g be l(-6). Calculate the highest common factor of g and 36.
4
Let c be -4*177*(-35)/14. What is the greatest common divisor of 30 and c?
30
Let v(g) = 19*g - 15*g + 9 - 5*g. Let r be v(3). Calculate the greatest common divisor of 18 and r.
6
Suppose 457 = 2*u - 5*f, 41*u = 36*u + 5*f + 1105. What is the greatest common factor of 104 and u?
8
Let h be -6*6/(-198) + (-6)/33. Let l be (h - -1)/(7/490). Calculate the greatest common divisor of 28 and l.
14
Suppose -3*n = -6*n + 720. Let r be 0/((-4)/(-4)*-1). Let t = r - -30. What is the highest common divisor of n and t?
30
Let s = 21 + -12. Let y = -12 + s. Let u be (-27 + -3)/(y/2). Calculate the greatest common divisor of 50 and u.
10
Let y(g) = g**3 + 21*g**2 - 2*g - 24. Let q = 104 + -125. Let c be y(q). Calculate the highest common divisor of c and 54.
18
Suppose 0 = -19*g + 3*g + 112. Let b be 4*4/16*g - -1. Calculate the greatest common divisor of 2 and b.
2
Let j be -4 - ((-1 - 2097) + (-18)/(-3)). Calculate the greatest common factor of 24 and j.
24
Let g(a) = -a**2 + 19*a - 35. Let b be g(12). What is the greatest common factor of 196 and b?
49
Let c = 6 - 1. Suppose 9 = 3*p + 5*j, -c*p = -3*j - 14 - 1. Let z be 28/(-3 + 2 + p). Calculate the highest common divisor of 7 and z.
7
Let l be (-10)/(-3)*(7 - -11). Suppose -4*v = -12 - l. What is the highest common divisor of 2 and v?
2
Suppose -4 - 36 = -4*a. Let h(w) be the third derivative of -w**5/60 + 5*w**4/12 + w**3/3 + 5*w**2. Let v be h(a). What is the highest common factor of v and 2?
2
Let x(p) be the second derivative of -p**3/6 + 3*p**2 - 4*p. Let m be x(-2). Calculate the greatest common factor of 32 and m.
8
Let c = -34 + 33. Let o be 3 - (2/c)/(-2). What is the highest common divisor of 3 and o?
1
Let u be 1 - 2/4*-670. Calculate the highest common divisor of 192 and u.
48
Let f(l) = 4*l + 2. Let o be f(-4). Let i = o - -10. Let v be (1/i)/((-1)/4). Calculate the highest common divisor of 3 and v.
1
Let u(v) = -v**2 + 10*v - 6. Let o be u(8). Suppose 4*c = -4*q + 104, -5*c + 2*q = 6*q - 134. Calculate the greatest common factor of c a